 factors of h?
2, 2089
Suppose 174 = 5*a - 271. What are the prime factors of (1 - a*-5)*(-108)/(-216)?
223
Let j(a) = a + 0*a + 2 - 55*a**3 + 2*a. Let g(l) = l**3 - 3*l**2 + 2*l - 1. Let u be g(0). What are the prime factors of j(u)?
2, 3
Suppose 4*j + 97203 - 16261 = 3*y, 4*y + 5*j - 107933 = 0. What are the prime factors of y?
2, 3, 1499
Let i(w) = -14*w**3 + 20*w**2 + 14*w + 41. Let r(b) = -22*b**3 + 30*b**2 + 21*b + 61. Let s(v) = 8*i(v) - 5*r(v). What are the prime factors of s(-7)?
2, 5, 23
Suppose 5*o = 3*f + 123, -13 = -o - 3*f + 8. Let b = 17 + o. Suppose b = 6*g - 253. List the prime factors of g.
7
Let m(f) = -4*f**3 - 2*f**2 - 3*f - 2. Suppose 0 = 2*r + 4*l + 4, -3*r - l + 2*l + 8 = 0. Let p be (-1)/(r - -2) - (-70)/(-40). List the prime factors of m(p).
2, 7
Suppose 33*n + 570 = -948. Suppose 4*m + 0*o + o = -187, 4*o - 20 = 0. Let i = n - m. What are the prime factors of i?
2
Let n = 37 - 97. Let u = -61 - n. Let y(c) = -77*c - 3. List the prime factors of y(u).
2, 37
Let j be (-1355)/15 - (-2)/(-3). Suppose -68*b + 75*b = -938. Let q = j - b. What are the prime factors of q?
43
Let c = 15847 + -2852. What are the prime factors of c?
5, 23, 113
Suppose -29*r = -31*r + 4. Suppose 4*c = 2*b - 944, -r*c = -0*c - 4*b + 472. List the prime factors of (c/(-3))/((-4)/(-6)).
2, 59
Suppose 40*s - 229 = -69. List the prime factors of 1141/35 + s/10.
3, 11
Let a be (3/(-2) - -2)*0. Suppose -3*g + 4*k - 5 + 17 = 0, -5*k - 15 = a. Suppose g = -2*x + 7*x - 785. List the prime factors of x.
157
Suppose 0 = 9*q - 13*q + 12. Suppose -2*f = 5*z - 8134, 3*f + 0*f = -q*z + 4875. What are the prime factors of z?
2, 11, 37
Suppose 5*s + 5*x + 30 = 0, -4*s - 10*x - 14 = -8*x. Let k(i) = -60*i + 0 + 3 - 1. What are the prime factors of k(s)?
2, 31
Let x = 16 - -38. Suppose 7*c = x + 86. Suppose 12*t - c*t = -1640. What are the prime factors of t?
5, 41
Let s = 87977 - 31867. What are the prime factors of s?
2, 5, 31, 181
Let o be 0 + 6/(18/21). Suppose 3*l - 2*s = -o*s - 3, -3*s = -4*l + 25. List the prime factors of ((-30)/9)/(l/(-90)).
3, 5
List the prime factors of (20/40)/(4/(-27764))*(-5 + 1).
2, 11, 631
Let k(w) = -481*w - 1196. What are the prime factors of k(-68)?
2, 3, 13, 101
Let g = 831 + -473. Suppose 0 = -4*n + g + 902. What are the prime factors of n?
3, 5, 7
Let r be (2 + 7 + 204)*(-4)/(-6). Suppose -r*i - 12376 = -159*i. List the prime factors of i.
2, 7, 13
Suppose 131*f - 156*f + 4959328 = 361*f. List the prime factors of f.
2, 11, 73
Let l = 43 + -58. List the prime factors of 307 + (-2)/((-10)/l).
2, 19
What are the prime factors of ((-73)/2 - 3)/((-36)/2304)?
2, 79
Let q = -2517 - -4155. Let w = q + -364. What are the prime factors of w?
2, 7, 13
Let w = -1807 + 2074. List the prime factors of w.
3, 89
Let l(x) = -158*x**3 - 5*x**2 + 10*x + 44. What are the prime factors of l(-3)?
5, 7, 11
Let t(x) = 158*x - 427. What are the prime factors of t(25)?
13, 271
Let h = -88679 + 172014. What are the prime factors of h?
5, 7, 2381
Let t(p) = -2*p - 44. Let y be t(-19). Let h be 57/y*(-546)/12*4. Suppose -2*l - 17*l + h = 0. What are the prime factors of l?
7, 13
Let c(b) = b**3 - 7*b**2 + 7*b - 6. Let q be c(6). Suppose q*u + r = 3*u + 29, -3*r = 3. What are the prime factors of -5*(468/u - 3)?
3, 83
Let h(w) = 6*w**2 - 12*w - 94. Let x be (7 - 4)*40/(-12). List the prime factors of h(x).
2, 313
Let h be -6 + 13 + 0/(3 - -1). Suppose 13660 = h*v + 3027. List the prime factors of v.
7, 31
Let q = 287 - 265. Suppose 1890 = q*k - 8*k. List the prime factors of k.
3, 5
Let i = 76 + -56. Suppose -5*p = s - i, 3*p = 4*p + s - 4. Suppose -237 = -3*f - 2*n - n, 315 = p*f + 5*n. What are the prime factors of f?
2, 5
Suppose 5*n = -4*s - s + 585, -123 = -n - 3*s. Suppose -109*c = -n*c + 4105. What are the prime factors of c?
821
Suppose -2*o + 5*n = 22, 10 = -2*o - 5*n + 4*n. Let m be (4 - (-21)/o)*0. Suppose m = -b + 4*j + 154, -4*b + 133 = -4*j - 423. List the prime factors of b.
2, 67
Suppose -107*q + 175*q = 283356. List the prime factors of q.
3, 463
What are the prime factors of 4266*(7 + 5 - 10)?
2, 3, 79
Let g(m) = 60*m**2 - 90*m - 1138. List the prime factors of g(-17).
2, 11, 13, 31
List the prime factors of (1013 + (-27)/(-9))*7/2.
2, 7, 127
Suppose -3*t = -5*t - 2*g + 28, -5*t + 62 = 3*g. Suppose t*m = 1302 + 498. Let q = -108 + m. What are the prime factors of q?
2, 3
Let v = -11 - -16. Suppose -x + 3*x + 2*q = 16, 0 = v*x + q - 48. Suppose -840 = -x*d + 3*d. What are the prime factors of d?
2, 3, 5
Let b(o) = -204*o + 453. List the prime factors of b(-20).
3, 1511
Let c = -122 - -125. Suppose -f + 128 = c*n, 0 = -3*f - 0*n - 4*n + 394. What are the prime factors of f?
2, 67
Let l be 10102/54 + (-74)/999. Let p = 298 - l. What are the prime factors of p?
3, 37
Let w(p) = 85*p - 282. What are the prime factors of w(25)?
19, 97
Let z(y) = 47*y - 53. Let u be z(11). Suppose -u = -5*o + 1566. List the prime factors of o.
2, 7, 29
Suppose -5*o + 5*v + 165 = 0, 2*o - 77 = -4*v + 7. Let x(t) = -32*t**3 - 4*t**2 - 2*t. Let l be x(-2). Suppose -5*b + o = -l. List the prime factors of b.
2, 7
Let r be (3/1 + -1)*(-2159)/2. Let m be r/(-4) - -1*(-3)/(-12). Suppose -o - m = -6*o. List the prime factors of o.
2, 3
Let b = 14 - 9. Suppose 40 = 5*l + b*r, 10 = -5*r + 30. List the prime factors of (2 - 156/(-16))*l.
47
Let s be 6*(-2)/4 - -27. Suppose 9 = 4*i + 3*r - s, -2*i + 2*r = -6. Suppose 0 = 3*y - i*y + 246. List the prime factors of y.
2, 41
Let d(m) = 23*m**2 + 322*m - 18. What are the prime factors of d(13)?
3, 5, 179
Suppose 5344370 = 63*k + 590453. What are the prime factors of k?
3, 25153
Suppose -2*w + 26*s + 4214 = 24*s, 4*s - 10580 = -5*w. What are the prime factors of w?
2, 3, 11
Suppose -2*t + m = 1022, 4*m + 0*m = -2*t - 1022. Let r = 719 + t. List the prime factors of r.
2, 13
Let l = -569 - -592. Suppose 20520 = -l*t + 43*t. List the prime factors of t.
2, 3, 19
What are the prime factors of ((-2498688)/112)/(-18) - 8/(-14)?
2, 5, 31
Let y(s) = 2*s + 13. Let z be y(-7). Let f(b) = 145*b**3 - b**2. Let m be f(z). List the prime factors of 6/(-10)*(1 + m).
3, 29
Let o(f) = 4*f**2 - 8*f + 196. Let l be o(38). Suppose -4*c - 22*c = -l. List the prime factors of c.
2, 109
Suppose 17 = 4*k + 1. Suppose -4*q + 0*n = -2*n + k, 16 = 4*n. List the prime factors of 31 - (-3 - -2 - (0 - q)).
31
Suppose 157*w - 166*w + 127755 = 0. List the prime factors of w.
5, 17, 167
Let u(b) = -b - 8. Suppose 3*p + 14 = 41. Suppose -2*y - 5*w = -4*y - p, w = -3*y - 56. List the prime factors of u(y).
3
Let d = -34612 - -78303. List the prime factors of d.
43691
Suppose 76*g + 14332 - 79137 = 84231. List the prime factors of g.
37, 53
Suppose 4*d + 0*d - 20 = 0. Let o(u) = -2*u**2 + 7*u - 9. Let h be o(2). What are the prime factors of (51/(-9) + d)/(h/1143)?
2, 127
Suppose 0 = -2*l + 41 - 33. Suppose 0 = -8*k + l*k - 3*r + 1932, -3*k - 5*r + 1449 = 0. List the prime factors of k.
3, 7, 23
Let d(p) = 42242*p**2 - 184*p - 1. List the prime factors of d(-1).
5, 1697
Suppose -4*o - 2*g + 9166 = 0, 2*o + 2*o - 9163 = -5*g. Suppose 17*m - o = 5*m. What are the prime factors of m?
191
Let h(r) = -r**3 - 32*r**2 - 25*r + 198. Let t be h(-31). Suppose -4*k + t = 8, -4*a + k + 743 = 0. What are the prime factors of a?
2, 3, 31
Suppose -5*w + 8055 = 2*x - 14121, 0 = 2*x + 4*w - 22178. List the prime factors of x.
11093
Let o(p) = 39*p - 40. Suppose 355 = -3*q + 14*x - 10*x, 4*x = -20. Let r = q - -130. What are the prime factors of o(r)?
5, 31
Let d(s) be the second derivative of -s**4/12 + 7*s**3/2 + s**2/2 - 2*s. What are the prime factors of d(7)?
3, 11
Let u(v) = -6*v - 37. Let b be u(-13). Suppose b*l = 2013 + 31074. What are the prime factors of l?
3, 269
Suppose -2782 = 5*c + 2*f, 4*c - 8*c = 4*f + 2216. Let l = c - -846. List the prime factors of l.
2, 3
Let g(u) = -2*u**2 + 35*u + 6. Let f(m) = -m**2 - 2*m. Let s(k) = 3*f(k) - g(k). What are the prime factors of s(-13)?
2, 179
Let l(a) be the third derivative of a**6/60 + a**5/20 + a**4/12 - 2*a**3/3 - 671*a**2. Let y = -1 + 2. What are the prime factors of l(y)?
3
Suppose 5*x + 2*n = 8461, 4*x = 3*n + 8569 - 1791. What are the prime factors of x?
1693
Suppose 43*v + 2*v - 683360 = 13*v. List the prime